{"id":189,"date":"2022-11-30T13:48:34","date_gmt":"2022-11-30T13:48:34","guid":{"rendered":"https:\/\/feuerwehr-suchsdorf.de\/?page_id=189"},"modified":"2026-03-28T14:03:23","modified_gmt":"2026-03-28T14:03:23","slug":"jugendfeuerwehr-suchsdorf","status":"publish","type":"page","link":"https:\/\/feuerwehr-suchsdorf.de\/?page_id=189","title":{"rendered":"Jugendfeuerwehr Suchsdorf"},"content":{"rendered":"\n<div class=\"wp-block-cover alignfull is-light\"><img loading=\"lazy\" decoding=\"async\" width=\"2560\" height=\"1707\" class=\"wp-block-cover__image-background wp-image-190\" alt=\"\" src=\"https:\/\/feuerwehr-suchsdorf.de\/wp-content\/uploads\/2022\/11\/IMG_2410-scaled.jpg\" data-object-fit=\"cover\" srcset=\"https:\/\/feuerwehr-suchsdorf.de\/wp-content\/uploads\/2022\/11\/IMG_2410-scaled.jpg 2560w, https:\/\/feuerwehr-suchsdorf.de\/wp-content\/uploads\/2022\/11\/IMG_2410-300x200.jpg 300w, https:\/\/feuerwehr-suchsdorf.de\/wp-content\/uploads\/2022\/11\/IMG_2410-1024x683.jpg 1024w, https:\/\/feuerwehr-suchsdorf.de\/wp-content\/uploads\/2022\/11\/IMG_2410-768x512.jpg 768w, https:\/\/feuerwehr-suchsdorf.de\/wp-content\/uploads\/2022\/11\/IMG_2410-1536x1024.jpg 1536w, https:\/\/feuerwehr-suchsdorf.de\/wp-content\/uploads\/2022\/11\/IMG_2410-2048x1365.jpg 2048w, https:\/\/feuerwehr-suchsdorf.de\/wp-content\/uploads\/2022\/11\/IMG_2410-1148x765.jpg 1148w\" sizes=\"auto, (max-width: 2560px) 100vw, 2560px\" \/><span aria-hidden=\"true\" class=\"wp-block-cover__background has-background-dim-30 has-background-dim\"><\/span><div class=\"wp-block-cover__inner-container is-layout-flow wp-block-cover-is-layout-flow\">\n<div class=\"wp-block-group is-layout-constrained wp-container-core-group-is-layout-e3dbad20 wp-block-group-is-layout-constrained\" style=\"padding-top:3.5vw;padding-right:3.5vw;padding-bottom:3.5vw;padding-left:3.5vw\">\n<div class=\"wp-block-columns is-layout-flex wp-container-core-columns-is-layout-d2ca7aa4 wp-block-columns-is-layout-flex\">\n<div class=\"wp-block-column is-layout-flow wp-block-column-is-layout-flow\" style=\"flex-basis:40%\">\n<div style=\"height:150px\" aria-hidden=\"true\" class=\"wp-block-spacer\"><\/div>\n\n\n\n<div class=\"wp-block-group has-dark-background-color has-white-background-color has-text-color has-background is-layout-flow wp-block-group-is-layout-flow\" style=\"padding-top:3rem;padding-right:3rem;padding-bottom:3rem;padding-left:3rem\">\n<h2 class=\"wp-block-heading is-style-underlined-heading\">Jugendfeuerwehr Suchsdorf<\/h2>\n\n\n\n<p>Junge Menschen f\u00fcr das Ehrenamt zu begeistern, sowie sie an die Technik und das Wesen der Feuerwehr heranzuf\u00fchren, das ist die Jugendfeuerwehr.<\/p>\n<\/div>\n<\/div>\n\n\n\n<div class=\"wp-block-column is-layout-flow wp-block-column-is-layout-flow\" style=\"flex-basis:60%\"><\/div>\n<\/div>\n<\/div>\n<\/div><\/div>\n\n\n\n<p>Ihr wohnt in den Kieler Stadtteile Suchsdorf, Klausbrook, Projensdorf, Wik, Belvedere, D\u00fcsternbrook, Brunswik und Ravensberg? Dann seid Ihr bei uns richtig.<\/p>\n\n\n\n<p>Jungen und M\u00e4dchen ab dem Alter von 10 Jahren, die sich k\u00f6rperlich und geistig fit f\u00fchlen, k\u00f6nnen zur Jugendfeuerwehr. Jedes Kind, jeder Jugendlicher, der gerne in einem Team t\u00e4tig sein will, ist bei uns herzlich willkommen.<\/p>\n\n\n\n<p>Das Betreuerteam, bestehend aus der Jugendfeuerwehrwartin, den beiden Stellvertretern und den vier Betreuern, gibt ihr Wissen und K\u00f6nnen an die Kinder und Jugendlichen weiter.<\/p>\n\n\n\n<h1 class=\"wp-block-heading\">Ausbildung<\/h1>\n\n\n\n<p>Jeden Mittwoch trifft sich die Jugendfeuerwehr von 18:00 bis 20:00 zum Dienst am Ger\u00e4tehaus. Hier vermittelt das Betreuerteam das feuerwehrtechnische Wissen. Wir erleben einen Dienstabend auch mit Sport&nbsp;&amp;&nbsp;Spiel Grillen oder Pizza backen.&nbsp;Kreative sein, Gemeinsam in der Gruppe erleben, Wissen und Erkenntnisse sich selbst zu erarbeiten stellen die Trittsteine unserer Methoden dar.<\/p>\n\n\n\n<p>In den Wintermonaten erfolgt der praktische Part im oder am Ger\u00e4tehaus. Fachliteratur und Videomaterial, dass vom Landes bzw. Bundesverband empfohlen wurde, steht zur Veranschaulichung zur Verf\u00fcgung. Aus dem Erfahrungsschatz der Betreuer k\u00f6nnen die Kinder und Jugendliche stets zur\u00fcckgreifen.&nbsp;In den Sommermonaten fahren wir mit den Fahrzeugen heraus und intensivieren die praktischen Elemente.<\/p>\n\n\n\n<div class=\"wp-block-group alignfull has-white-color has-primary-background-color has-text-color has-background is-layout-constrained wp-container-core-group-is-layout-e5442119 wp-block-group-is-layout-constrained\" style=\"padding-top:3.5vw;padding-right:3.5vw;padding-bottom:3.5vw;padding-left:3.5vw\">\n<div class=\"wp-block-columns is-layout-flex wp-container-core-columns-is-layout-28f84493 wp-block-columns-is-layout-flex\">\n<div class=\"wp-block-column is-layout-flow wp-block-column-is-layout-flow\" style=\"flex-basis:33.33%\">\n<figure class=\"wp-block-image size-full is-resized\"><img loading=\"lazy\" decoding=\"async\" width=\"707\" height=\"1060\" src=\"https:\/\/feuerwehr-suchsdorf.de\/wp-content\/uploads\/2026\/03\/DSC03888-edited.jpg\" alt=\"\" class=\"wp-image-1325\" style=\"width:173px;height:auto\" srcset=\"https:\/\/feuerwehr-suchsdorf.de\/wp-content\/uploads\/2026\/03\/DSC03888-edited.jpg 707w, https:\/\/feuerwehr-suchsdorf.de\/wp-content\/uploads\/2026\/03\/DSC03888-edited-200x300.jpg 200w, https:\/\/feuerwehr-suchsdorf.de\/wp-content\/uploads\/2026\/03\/DSC03888-edited-683x1024.jpg 683w, https:\/\/feuerwehr-suchsdorf.de\/wp-content\/uploads\/2026\/03\/DSC03888-edited-510x765.jpg 510w\" sizes=\"auto, (max-width: 707px) 100vw, 707px\" \/><\/figure>\n<\/div>\n\n\n\n<div class=\"wp-block-column is-layout-flow wp-block-column-is-layout-flow\" style=\"flex-basis:66.66%\">\n<p><strong>Lasse Peters<\/strong><\/p>\n\n\n\n<hr class=\"wp-block-separator has-alpha-channel-opacity\"\/>\n\n\n\n<p><strong>Funktion:<\/strong>&nbsp;Jugendfeuerwehrwart<\/p>\n\n\n\n<p><strong>Dienstgrad:<\/strong> Feuerwehrmann <\/p>\n\n\n\n<p class=\"has-link-color wp-elements-8ae38498e00a2efec5d26e88664a3263\"><strong>E-Mail: <\/strong><a href=\"mailto:Jugendfeuerwehrwart@Feuerwehr-Suchsdorf.de\">Jugendwart@Feuerwehr-Suchsdorf.de<\/a><\/p>\n<\/div>\n<\/div>\n\n\n\n<div class=\"wp-block-buttons is-content-justification-center is-layout-flex wp-container-core-buttons-is-layout-a89b3969 wp-block-buttons-is-layout-flex\"><\/div>\n<\/div>\n\n\n\n<h1 class=\"wp-block-heading\">Jugendgruppenleitung<\/h1>\n\n\n\n<p>Zur Jugendgruppenleitung ist w\u00e4hlbar, wer mindestens 14 Jahre alt ist und mindestens ein Jahr der Jugendfeuerwehr angeh\u00f6rt.&nbsp;Die Jugendgruppenleitung ist f\u00fcr die Ordnung innerhalb der Jugendfeuerwehr verantwortlich. Sie ist das Bindeglied zwischen den Jugendfeuerwehrmitgliedern und der Jugendwartung und f\u00fchrt durch die Jugendausschusssitzung. Au\u00dferdem referiert die Jugendgruppenleitung mindestens zwei Dienste im Jahr vor der Jugendfeuerwehr und ist f\u00fcr das Antreten zu Dienstbeginn verantwortlich.&nbsp;Die Jugendgruppenleitung beruft die Sitzung des Jugendfeuerwehrausschusses im Einvernehmen mit der Jugendfeuerwehrwartin oder dem Jugendfeuerwehrwart, der an der Ausschusssitzung beratend teilnehmen kann, mindestens viermal im Jahr ein.&nbsp;Die Jugendgruppenleitung vertritt die Jugendfeuerwehr im Jugendforum auf Kreis-\/Stadtverbandsebene.<\/p>\n\n\n\n<h1 class=\"wp-block-heading\">Jugendgruppenf\u00fchrung<\/h1>\n\n\n\n<p>Zur Jugendgruppenf\u00fchrung ist w\u00e4hlbar, wer mindestens 10 Jahre alt ist und mindestens ein Jahr der Jugendfeuerwehr angeh\u00f6rt.&nbsp;Die Jugendgruppenf\u00fchrung fungiert bei \u00dcbungsdiensten in der Funktion des Gruppenf\u00fchrers und \u00fcbernimmt auch alle in dem Bereich entstehenden Verantwortlichkeiten, wie Antreten der Gruppe und Einteilung der Aufgaben.&nbsp;Die Jugendgruppenf\u00fchrung nimmt viermal im Jahr an der Sitzung des Jugendfeuerwehrausschusses teil.&nbsp;F\u00fcr den Fall, das die Jugendgruppenleitung nicht anwesend ist \u00fcbernimmt die Jugendgruppenf\u00fchrung die Aufgaben der Jugendgruppenleitung.<\/p>\n","protected":false},"excerpt":{"rendered":"<p>Ihr wohnt in den Kieler Stadtteile Suchsdorf, Klausbrook, Projensdorf, Wik, Belvedere, D\u00fcsternbrook, Brunswik und Ravensberg? Dann seid Ihr bei uns [&hellip;]<\/p>\n","protected":false},"author":2,"featured_media":0,"parent":0,"menu_order":0,"comment_status":"closed","ping_status":"closed","template":"page-no-title","meta":{"footnotes":""},"class_list":["post-189","page","type-page","status-publish","hentry"],"_links":{"self":[{"href":"https:\/\/feuerwehr-suchsdorf.de\/index.php?rest_route=\/wp\/v2\/pages\/189","targetHints":{"allow":["GET"]}}],"collection":[{"href":"https:\/\/feuerwehr-suchsdorf.de\/index.php?rest_route=\/wp\/v2\/pages"}],"about":[{"href":"https:\/\/feuerwehr-suchsdorf.de\/index.php?rest_route=\/wp\/v2\/types\/page"}],"author":[{"embeddable":true,"href":"https:\/\/feuerwehr-suchsdorf.de\/index.php?rest_route=\/wp\/v2\/users\/2"}],"replies":[{"embeddable":true,"href":"https:\/\/feuerwehr-suchsdorf.de\/index.php?rest_route=%2Fwp%2Fv2%2Fcomments&post=189"}],"version-history":[{"count":8,"href":"https:\/\/feuerwehr-suchsdorf.de\/index.php?rest_route=\/wp\/v2\/pages\/189\/revisions"}],"predecessor-version":[{"id":1327,"href":"https:\/\/feuerwehr-suchsdorf.de\/index.php?rest_route=\/wp\/v2\/pages\/189\/revisions\/1327"}],"wp:attachment":[{"href":"https:\/\/feuerwehr-suchsdorf.de\/index.php?rest_route=%2Fwp%2Fv2%2Fmedia&parent=189"}],"curies":[{"name":"wp","href":"https:\/\/api.w.org\/{rel}","templated":true}]}}