{"id":123,"date":"2022-11-25T10:47:25","date_gmt":"2022-11-25T10:47:25","guid":{"rendered":"https:\/\/feuerwehr-suchsdorf.de\/?page_id=123"},"modified":"2023-06-11T13:34:49","modified_gmt":"2023-06-11T13:34:49","slug":"ueber-uns","status":"publish","type":"page","link":"https:\/\/feuerwehr-suchsdorf.de\/?page_id=123","title":{"rendered":"\u00dcber uns"},"content":{"rendered":"\n<p>Die Freiwillige Feuerwehr Kiel-Suchsdorf ist eine Ortsfeuerwehr der&nbsp;Landeshauptstadt Kiel. Sie \u00fcbernimmt die gesetzlichen Aufgaben:<\/p>\n\n\n\n<ul class=\"wp-block-list\">\n<li>bei Br\u00e4nden, Not- und Ungl\u00fccksf\u00e4llen die erforderlichen Ma\u00dfnahmen zu treffen, um gegenw\u00e4rtige Gefahren f\u00fcr Leben, Gesundheit und Verm\u00f6gen abzuwehren (abwehrender Brandschutz, Technische Hilfe),&nbsp;im Katastrophenschutz (Sonderkomponenten \u201cGefahrgut\u201d) und bei der Brandschutzerziehung und -aufkl\u00e4rung mitzuwirken.<\/li>\n\n\n\n<li>die Aus- und Fortbildung der aktiven Mitglieder nach den geltenden Feuerwehr-Dienstvorschriften durchzuf\u00fchren<\/li>\n\n\n\n<li>den Stadtfeuerwehrverband bei der Erf\u00fcllung seiner Aufgaben zu unterst\u00fctzen und zu f\u00f6rdern.<\/li>\n<\/ul>\n\n\n\n<p>Die Feuerwehr gliedert sich in Einsatzabteilung, Reserveabteilung, Jugendabteilung&nbsp;und die Ehrenabteilung.<\/p>\n\n\n\n<p>Das Einsatzgebiet der FF Kiel-Suchsdorf umfasst die Ortsteile:<\/p>\n\n\n\n<pre class=\"wp-block-code\"><code>24107 Suchsdorf\n24106 Wik\n24107 Klausbrook\n24118 Ravensberg\n24105 Bl\u00fccherplatz\n24105 D\u00fcsternbrook\n24105 Brunswik<\/code><\/pre>\n\n\n\n<p>Die n\u00f6rdliche Grenze bildet der Nord-Ostsee-Kanal, die \u00f6stliche die Kieler Innenf\u00f6rde. Der s\u00fcdliche \u00dcbergang zum Einsatzgebiet stellen die Brunswiker Stra\u00dfen, die Gutenbergstra\u00dfe und die Eckernf\u00f6rder Stra\u00dfe dar. Im Westen des Einsatzgebietes schlie\u00dft sich der Landkreis RD\/ECK mit den Gemeinden Kronshagen, Ottendorf und Stampe an.<\/p>\n\n\n\n<p>Bei gro\u00dfen Schadenslagen sind Eins\u00e4tze im gesamten Stadtgebiet der Stadt Kiel m\u00f6glich.<\/p>\n\n\n\n<p>Die Disposition der Eins\u00e4tze erfolgt \u00fcber die IRLS Mitte.<\/p>\n","protected":false},"excerpt":{"rendered":"<p>Die Freiwillige Feuerwehr Kiel-Suchsdorf ist eine Ortsfeuerwehr der&nbsp;Landeshauptstadt Kiel. Sie \u00fcbernimmt die gesetzlichen Aufgaben: Die Feuerwehr gliedert sich in Einsatzabteilung, [&hellip;]<\/p>\n","protected":false},"author":2,"featured_media":0,"parent":0,"menu_order":0,"comment_status":"closed","ping_status":"closed","template":"","meta":{"footnotes":""},"class_list":["post-123","page","type-page","status-publish","hentry"],"_links":{"self":[{"href":"https:\/\/feuerwehr-suchsdorf.de\/index.php?rest_route=\/wp\/v2\/pages\/123","targetHints":{"allow":["GET"]}}],"collection":[{"href":"https:\/\/feuerwehr-suchsdorf.de\/index.php?rest_route=\/wp\/v2\/pages"}],"about":[{"href":"https:\/\/feuerwehr-suchsdorf.de\/index.php?rest_route=\/wp\/v2\/types\/page"}],"author":[{"embeddable":true,"href":"https:\/\/feuerwehr-suchsdorf.de\/index.php?rest_route=\/wp\/v2\/users\/2"}],"replies":[{"embeddable":true,"href":"https:\/\/feuerwehr-suchsdorf.de\/index.php?rest_route=%2Fwp%2Fv2%2Fcomments&post=123"}],"version-history":[{"count":3,"href":"https:\/\/feuerwehr-suchsdorf.de\/index.php?rest_route=\/wp\/v2\/pages\/123\/revisions"}],"predecessor-version":[{"id":600,"href":"https:\/\/feuerwehr-suchsdorf.de\/index.php?rest_route=\/wp\/v2\/pages\/123\/revisions\/600"}],"wp:attachment":[{"href":"https:\/\/feuerwehr-suchsdorf.de\/index.php?rest_route=%2Fwp%2Fv2%2Fmedia&parent=123"}],"curies":[{"name":"wp","href":"https:\/\/api.w.org\/{rel}","templated":true}]}}